{"id":48,"date":"2015-11-01T23:14:17","date_gmt":"2015-11-01T22:14:17","guid":{"rendered":"http:\/\/www.holz-stein-manufaktur.de\/?page_id=48"},"modified":"2024-06-25T13:11:21","modified_gmt":"2024-06-25T11:11:21","slug":"uschi-gamper","status":"publish","type":"page","link":"https:\/\/www.holz-stein-manufaktur.de\/index.php\/uschi-gamper\/","title":{"rendered":"Uschi Gamper"},"content":{"rendered":"\n<h2 class=\"wp-block-heading\">Uschi Gamper<\/h2>\n\n\n\n<div class=\"wp-block-media-text alignwide is-stacked-on-mobile is-vertically-aligned-top\" style=\"grid-template-columns:23% auto\"><figure class=\"wp-block-media-text__media\"><img loading=\"lazy\" decoding=\"async\" width=\"194\" height=\"267\" src=\"https:\/\/www.holz-stein-manufaktur.de\/wordpress\/wp-content\/uploads\/2019\/09\/uschi_gamper.jpg\" alt=\"\" class=\"wp-image-232 size-full\"\/><\/figure><div class=\"wp-block-media-text__content\">\n<p><strong>Kreativ ein Leben lang.<\/strong> Mit zehn Jahren war f\u00fcr mich klar: ich werde Sportlehrerin \u2013 mein&nbsp;Freiheitsgedanke und Drang nach&nbsp;Bewegung lie\u00dfen nicht zu, mich in B\u00fcror\u00e4ume zu verdammen. Es ging mir im Sport nicht um das Streben nach &#8222;h\u00f6her, weiter, schneller&#8220;, sondern um die \u00c4sthetik der Bewegung.&nbsp;Mich faszinierten die verschiedenen Ausdrucksformen im Tanz. Das bestimmte meinen ersten beruflichen Werdegang als Gymnastik- und Tanzlehrerin. Sp\u00e4ter kamen Autogenes Training, Yoga und Meditation dazu, und eine Ausbildung in Rational-Emotiver Therapie. Ab den Neunzigerjahren Leitung eines eigenen Studios f\u00fcr Gymnastik, Tanz und Entspannungsmethoden in Stuttgart.<\/p>\n<\/div><\/div>\n\n\n\n<div class=\"wp-block-media-text alignwide has-media-on-the-right is-stacked-on-mobile is-vertically-aligned-top\" style=\"grid-template-columns:auto 33%\"><div class=\"wp-block-media-text__content\">\n<p>Durch einen Unfall 2005 war ich gezwungen,\u00a0mich neu zu orientieren. Ich suchte nach\u00a0kreativen Seiten in mir und kam \u00fcber die Malerei und Steinheilkunde letztlich zur <strong>Mosaikgestaltung<\/strong>. Das war mein Aha-Erlebnis! Im Mosaik habe ich wieder eine sinnvolle Erf\u00fcllung f\u00fcr mich\u00a0gefunden.\u00a0Zahlreiche Fortbildungen auf diesem Gebiet gaben mir seither das n\u00f6tige R\u00fcstzeug.<br><br>Immer wieder erlebte ich beim Mosaik-Gestalten ein <strong>&#8222;Zur Ruhe Kommen&#8220;<\/strong>. Das ist ein wichtiger Aspekt, den ich in meinen Kursen an meine Teilnehmerinnen und Teilnehmer weitergeben m\u00f6chte. Diese Erfahrung kann ganz neue Prozesse in Gang bringen. Schlummernde F\u00e4higkeiten kommen zutage. Sich in die Mosaik-Gestaltung zu versenken, versetzt viele Menschen in eine Art meditativer Ruhe und f\u00fchrt beim ein oder anderen sogar zu einer pers\u00f6nlichen Neuordnung. Nehmen auch Sie sich eine kleine &#8222;Auszeit&#8220;, lassen Sie sich \u00fcberraschen, was beim Mosaik-Legen so alles entsteht!<\/p>\n<\/div><figure class=\"wp-block-media-text__media\"><img loading=\"lazy\" decoding=\"async\" width=\"505\" height=\"1024\" src=\"https:\/\/www.holz-stein-manufaktur.de\/wordpress\/wp-content\/uploads\/2023\/07\/uschi_gamper_stele_knoten-505x1024.jpg\" alt=\"\" class=\"wp-image-576 size-full\" srcset=\"https:\/\/www.holz-stein-manufaktur.de\/wordpress\/wp-content\/uploads\/2023\/07\/uschi_gamper_stele_knoten-505x1024.jpg 505w, https:\/\/www.holz-stein-manufaktur.de\/wordpress\/wp-content\/uploads\/2023\/07\/uschi_gamper_stele_knoten-148x300.jpg 148w, https:\/\/www.holz-stein-manufaktur.de\/wordpress\/wp-content\/uploads\/2023\/07\/uschi_gamper_stele_knoten-768x1558.jpg 768w, https:\/\/www.holz-stein-manufaktur.de\/wordpress\/wp-content\/uploads\/2023\/07\/uschi_gamper_stele_knoten-757x1536.jpg 757w, https:\/\/www.holz-stein-manufaktur.de\/wordpress\/wp-content\/uploads\/2023\/07\/uschi_gamper_stele_knoten-1009x2048.jpg 1009w, https:\/\/www.holz-stein-manufaktur.de\/wordpress\/wp-content\/uploads\/2023\/07\/uschi_gamper_stele_knoten-scaled.jpg 1262w\" sizes=\"(max-width: 505px) 100vw, 505px\" \/><\/figure><\/div>\n\n\n\n<p><\/p>\n","protected":false},"excerpt":{"rendered":"<p>Uschi Gamper Kreativ ein Leben lang. Mit zehn Jahren war f\u00fcr mich klar: ich werde Sportlehrerin \u2013 mein&nbsp;Freiheitsgedanke und Drang nach&nbsp;Bewegung lie\u00dfen nicht zu, mich in B\u00fcror\u00e4ume zu verdammen. Es ging mir im Sport nicht um das Streben nach &#8222;h\u00f6her, weiter, schneller&#8220;, sondern um die \u00c4sthetik der Bewegung.&nbsp;Mich faszinierten die verschiedenen Ausdrucksformen im Tanz. Das &hellip;<\/p>\n","protected":false},"author":1,"featured_media":143,"parent":0,"menu_order":3,"comment_status":"closed","ping_status":"closed","template":"","meta":{"footnotes":""},"_links":{"self":[{"href":"https:\/\/www.holz-stein-manufaktur.de\/index.php\/wp-json\/wp\/v2\/pages\/48"}],"collection":[{"href":"https:\/\/www.holz-stein-manufaktur.de\/index.php\/wp-json\/wp\/v2\/pages"}],"about":[{"href":"https:\/\/www.holz-stein-manufaktur.de\/index.php\/wp-json\/wp\/v2\/types\/page"}],"author":[{"embeddable":true,"href":"https:\/\/www.holz-stein-manufaktur.de\/index.php\/wp-json\/wp\/v2\/users\/1"}],"replies":[{"embeddable":true,"href":"https:\/\/www.holz-stein-manufaktur.de\/index.php\/wp-json\/wp\/v2\/comments?post=48"}],"version-history":[{"count":37,"href":"https:\/\/www.holz-stein-manufaktur.de\/index.php\/wp-json\/wp\/v2\/pages\/48\/revisions"}],"predecessor-version":[{"id":639,"href":"https:\/\/www.holz-stein-manufaktur.de\/index.php\/wp-json\/wp\/v2\/pages\/48\/revisions\/639"}],"wp:featuredmedia":[{"embeddable":true,"href":"https:\/\/www.holz-stein-manufaktur.de\/index.php\/wp-json\/wp\/v2\/media\/143"}],"wp:attachment":[{"href":"https:\/\/www.holz-stein-manufaktur.de\/index.php\/wp-json\/wp\/v2\/media?parent=48"}],"curies":[{"name":"wp","href":"https:\/\/api.w.org\/{rel}","templated":true}]}}